
2, 3, 839, 6151
List the prime factors of 1100386008.
2, 3, 251, 60889
List the prime factors of 97953527.
7, 23, 43, 14149
What are the prime factors of 555154518?
2, 3, 601, 153953
What are the prime factors of 300463782?
2, 3, 50077297
List the prime factors of 132918134.
2, 37, 1796191
List the prime factors of 370454057.
9649, 38393
What are the prime factors of 335818524?
2, 3, 269, 104033
List the prime factors of 143609494.
2, 7, 61, 24023
List the prime factors of 337709850.
2, 3, 5, 349, 6451
What are the prime factors of 297159664?
2, 18572479
List the prime factors of 138333630.
2, 3, 5, 251, 18371
List the prime factors of 2977948248.
2, 3, 11, 971, 11617
List the prime factors of 62188903.
7, 8884129
What are the prime factors of 3505431796?
2, 521, 1682069
List the prime factors of 8711533.
8711533
What are the prime factors of 156675032?
2, 19584379
What are the prime factors of 197758153?
191, 1035383
What are the prime factors of 769303476?
2, 3, 2767, 7723
What are the prime factors of 508739570?
2, 5, 50873957
List the prime factors of 414053639.
31, 13356569
What are the prime factors of 147048543?
3, 19, 859933
List the prime factors of 24232511.
113, 131, 1637
List the prime factors of 35083274.
2, 17, 251, 4111
List the prime factors of 31314211.
173, 317, 571
List the prime factors of 580543806.
2, 3, 96757301
List the prime factors of 377775171.
3, 59, 137, 577
List the prime factors of 3199845672.
2, 3, 17, 659, 3967
List the prime factors of 122567453.
461, 265873
List the prime factors of 24455078.
2, 17, 719267
What are the prime factors of 14076547?
47, 299501
List the prime factors of 139611353.
7, 107, 186397
List the prime factors of 178920072.
2, 3, 2485001
List the prime factors of 190531838.
2, 7, 41, 331937
What are the prime factors of 697744177?
13, 53672629
List the prime factors of 3302690382.
2, 3, 23, 73, 499
What are the prime factors of 3568066874?
2, 2897, 615821
List the prime factors of 5826575284.
2, 34981, 41641
What are the prime factors of 346855570?
2, 5, 34685557
What are the prime factors of 452552515?
5, 739, 122477
List the prime factors of 834160917.
3, 397, 700387
List the prime factors of 305004268.
2, 76251067
What are the prime factors of 35527316?
2, 11, 227, 3557
What are the prime factors of 112796040?
2, 3, 5, 7, 19183
List the prime factors of 366482529.
3, 7, 23, 84307
What are the prime factors of 1702549789?
1702549789
List the prime factors of 197798695.
5, 1201, 32939
List the prime factors of 300320659.
300320659
List the prime factors of 106134576.
2, 3, 31, 71327
What are the prime factors of 96081375?
3, 5, 13, 19709
List the prime factors of 323788028.
2, 80947007
List the prime factors of 433868929.
13, 41, 814013
List the prime factors of 957408377.
47, 53, 197, 1951
List the prime factors of 3080735958.
2, 3, 37, 13877189
What are the prime factors of 13680160?
2, 5, 13, 6577
List the prime factors of 242112770.
2, 5, 24211277
List the prime factors of 3860670351.
3, 647, 743, 2677
List the prime factors of 50887302.
2, 3, 151, 56167
What are the prime factors of 1500041213?
11, 113, 1206791
What are the prime factors of 2524799167?
11, 137, 199, 8419
What are the prime factors of 1232804101?
13469, 91529
List the prime factors of 7966428.
2, 3, 663869
What are the prime factors of 1947645944?
2, 243455743
List the prime factors of 227458257.
3, 13, 109, 53507
What are the prime factors of 202648617?
3, 97, 232129
What are the prime factors of 28187264?
2, 7, 163, 193
List the prime factors of 1644815371.
463, 3552517
What are the prime factors of 165464147?
61, 587, 4621
What are the prime factors of 4991720178?
2, 3, 29, 71, 13933
List the prime factors of 267998131.
31, 691, 12511
What are the prime factors of 884240228?
2, 221060057
What are the prime factors of 21163756?
2, 5290939
List the prime factors of 27374284.
2, 7, 17, 131, 439
What are the prime factors of 287575455?
3, 5, 29, 661093
What are the prime factors of 197885402?
2, 11, 13, 691907
List the prime factors of 110901512.
2, 2237, 6197
List the prime factors of 3163562223.
3, 191, 5521051
What are the prime factors of 662113667?
662113667
List the prime factors of 1552489390.
2, 5, 313, 563, 881
List the prime factors of 3173739383.
419, 1051, 7207
List the prime factors of 1152024080.
2, 5, 14400301
What are the prime factors of 56385565?
5, 73, 241, 641
List the prime factors of 297009699.
3, 7, 41, 344959
List the prime factors of 365540041.
29, 12604829
List the prime factors of 37889410.
2, 5, 13, 291457
List the prime factors of 98649979.
98649979
List the prime factors of 27104653.
27104653
What are the prime factors of 123646265?
5, 3911, 6323
List the prime factors of 88382.
2, 7, 59, 107
What are the prime factors of 249489487?
13, 23, 311, 2683
List the prime factors of 1569314428.
2, 11, 35666237
List the prime factors of 40355754.
2, 3, 23, 229, 1277
What are the prime factors of 254743420?
2, 5, 12737171
List the prime factors of 52098422.
2, 26049211
List the prime factors of 841427661.
3, 280475887
What are the prime factors of 308995696?
2, 29, 593, 1123
List the prime factors of 11098852.
2, 2774713
List the prime factors of 424498561.
424498561
List the prime factors of 1500298741.
1500298741
What are the prime factors of 42424634?
2, 7, 3030331
What are the prime factors of 132768471?
3, 11, 4023287
List the prime factors of 41558692.
2, 7, 1009, 1471
List the prime factors of 791942598.
2, 3, 37, 683, 1741
List the prime factors of 3602415564.
2, 3, 11, 9097009
What are the prime factors of 586826449?
11, 59, 904201
List the prime factors of 108372236.
2, 7, 3870437
List the prime factors of 4902364536.
2, 3, 204265189
What are the prime factors of 6594018721?
6594018721
What are the prime factors of 16385564?
2, 13, 24239
List the prime factors of 1103133021.
3, 367711007
What are the prime factors of 374355041?
9239, 40519
List the prime factors of 2107894461.
3, 702631487
List the prime factors of 74674898.
2, 37337449
List the prime factors of 4798574974.
2, 41, 67, 873421
List the prime factors of 35899202.
2, 199, 90199
What are the prime factors of 889123393?
47, 383, 49393
What are the prime factors of 2258107044?
2, 3, 188175587
What are the prime factors of 1601429531?
13, 123186887
List the prime factors of 825818063.
7, 117974009
List the prime factors of 185238156.
2, 3, 15436513
List the prime factors of 133858719.
3, 14873191
List the prime factors of 2409675819.
3, 17203, 46691
List the prime factors of 95527260.
2, 3, 5, 67, 89
What are the prime factors of 19665264?
2, 3, 409693
List the prime factors of 335932697.
335932697
What are the prime factors of 87065991?
3, 9673999
List the prime factors of 180338107.
47, 227, 16903
List the prime factors of 747125787.
3, 241, 1033369
List the prime factors of 690569703.
3, 76729967
List the prime factors of 117314658.
2, 3, 6517481
List the prime factors of 2939398156.
2, 12713, 57803
List the prime factors of 38544399.
3, 4282711
What are the prime factors of 373603697?
23, 3313, 4903
What are the prime factors of 193107927?
3, 64369309
List the prime factors of 240397551.
3, 71, 41801
List the prime factors of 1257650892.
2, 3, 41, 739, 1153
What are the prime factors of 39372180?
2, 3, 5, 19, 34537
List the prime factors of 2948483809.
101, 29192909
List the prime factors of 1631533462.
2, 13, 401, 156487
List the prime factors of 302265698.
2, 7, 73, 295759
What are the prime factors of 251841782?
2, 125920891
What are the prime factors of 9955941?
3, 23, 144289
What are the prime factors of 443313619?
7, 63330517
List the prime factors of 57427868.
2, 14356967
What are the prime factors of 3227718971?
3227718971
List the prime factors of 83599937.
83599937
List the prime factors of 1660738019.
1660738019
List the prime factors of 152692083.
3, 2251, 7537
What are the prime factors of 570221136?
2, 3, 3959869
What are the prime factors of 277126058?
2, 11, 19, 60271
What are the prime factors of 3136236627?
3, 59, 17718851
List the prime factors of 80396805.
3, 5, 827, 6481
List the prime factors of 145940131.
139, 167, 6287
List the prime factors of 4323242440.
2, 5, 11, 9825551
What are the prime fac